{"id":116,"date":"2026-02-16T10:39:14","date_gmt":"2026-02-16T10:39:14","guid":{"rendered":"https:\/\/puotilankartanonteatteri.fi\/?page_id=116"},"modified":"2026-03-04T13:47:48","modified_gmt":"2026-03-04T13:47:48","slug":"teatterista","status":"publish","type":"page","link":"https:\/\/puotilankartanonteatteri.fi\/?page_id=116","title":{"rendered":"Teatterista"},"content":{"rendered":"\n<p>Puotilan Kartanon Teatteri on uusi, vuonna 2026 perustettu ammattiteatteri. Teatterin takana on Teatteriyhdistys Virne Ry.<\/p>\n\n\n\n<p><br>Teatteritoiminnan l\u00e4ht\u00f6kohdat ovat ohjelmiston monipuolisuudessa, sek\u00e4 matalan kynnyksen taide-el\u00e4myksiss\u00e4. Teatteri tulee tarjoamaan el\u00e4myksi\u00e4 niin kes\u00e4teatterin, kuin esimerkiksi musiikin ja sirkuksen muodossa, el\u00e4v\u00f6itt\u00e4en koko Puotilan Kartanon, Puotilan, sek\u00e4 It\u00e4-Helsingin kulttuuritarjontaa.<\/p>\n\n\n\n<p>Teatterin debyyttiohjelmistona n\u00e4hd\u00e4\u00e4n aikuisyleis\u00f6lle suunnattu musiikkin\u00e4ytelm\u00e4, sek\u00e4 koko perheelle suunnattu kantaesitys-musiikkin\u00e4ytelm\u00e4.<\/p>\n","protected":false},"excerpt":{"rendered":"<p>Puotilan Kartanon Teatteri on uusi, vuonna 2026 perustettu ammattiteatteri. Teatterin takana on Teatteriyhdistys Virne Ry. Teatteritoiminnan l\u00e4ht\u00f6kohdat ovat ohjelmiston monipuolisuudessa, sek\u00e4 matalan kynnyksen taide-el\u00e4myksiss\u00e4. Teatteri tulee tarjoamaan el\u00e4myksi\u00e4 niin kes\u00e4teatterin, kuin esimerkiksi musiikin ja sirkuksen muodossa, el\u00e4v\u00f6itt\u00e4en koko Puotilan Kartanon, Puotilan, sek\u00e4 It\u00e4-Helsingin kulttuuritarjontaa. Teatterin debyyttiohjelmistona n\u00e4hd\u00e4\u00e4n aikuisyleis\u00f6lle suunnattu musiikkin\u00e4ytelm\u00e4, sek\u00e4 koko perheelle suunnattu kantaesitys-musiikkin\u00e4ytelm\u00e4.<\/p>\n","protected":false},"author":1,"featured_media":0,"parent":0,"menu_order":0,"comment_status":"closed","ping_status":"closed","template":"","meta":{"footnotes":""},"class_list":["post-116","page","type-page","status-publish","hentry"],"_links":{"self":[{"href":"https:\/\/puotilankartanonteatteri.fi\/index.php?rest_route=\/wp\/v2\/pages\/116","targetHints":{"allow":["GET"]}}],"collection":[{"href":"https:\/\/puotilankartanonteatteri.fi\/index.php?rest_route=\/wp\/v2\/pages"}],"about":[{"href":"https:\/\/puotilankartanonteatteri.fi\/index.php?rest_route=\/wp\/v2\/types\/page"}],"author":[{"embeddable":true,"href":"https:\/\/puotilankartanonteatteri.fi\/index.php?rest_route=\/wp\/v2\/users\/1"}],"replies":[{"embeddable":true,"href":"https:\/\/puotilankartanonteatteri.fi\/index.php?rest_route=%2Fwp%2Fv2%2Fcomments&post=116"}],"version-history":[{"count":2,"href":"https:\/\/puotilankartanonteatteri.fi\/index.php?rest_route=\/wp\/v2\/pages\/116\/revisions"}],"predecessor-version":[{"id":280,"href":"https:\/\/puotilankartanonteatteri.fi\/index.php?rest_route=\/wp\/v2\/pages\/116\/revisions\/280"}],"wp:attachment":[{"href":"https:\/\/puotilankartanonteatteri.fi\/index.php?rest_route=%2Fwp%2Fv2%2Fmedia&parent=116"}],"curies":[{"name":"wp","href":"https:\/\/api.w.org\/{rel}","templated":true}]}}