{"id":173,"date":"2026-03-02T17:57:21","date_gmt":"2026-03-02T17:57:21","guid":{"rendered":"https:\/\/puotilankartanonteatteri.fi\/?page_id=173"},"modified":"2026-04-16T12:34:22","modified_gmt":"2026-04-16T12:34:22","slug":"ohjelmisto-new","status":"publish","type":"page","link":"https:\/\/puotilankartanonteatteri.fi\/?page_id=173","title":{"rendered":"Ohjelmisto: Kes\u00e4 2026"},"content":{"rendered":"\n<figure class=\"wp-block-gallery alignwide has-nested-images columns-default is-cropped wp-block-gallery-1 is-layout-flex wp-block-gallery-is-layout-flex\">\n<figure class=\"wp-block-image size-large\"><a href=\"https:\/\/puotilankartanonteatteri.fi\/?page_id=91\"><img loading=\"lazy\" decoding=\"async\" width=\"1024\" height=\"1024\" data-id=\"176\" src=\"https:\/\/puotilankartanonteatteri.fi\/wp-content\/uploads\/2026\/02\/2pik-1024x1024.png\" alt=\"\" class=\"wp-image-176\" srcset=\"https:\/\/puotilankartanonteatteri.fi\/wp-content\/uploads\/2026\/02\/2pik-1024x1024.png 1024w, https:\/\/puotilankartanonteatteri.fi\/wp-content\/uploads\/2026\/02\/2pik-300x300.png 300w, https:\/\/puotilankartanonteatteri.fi\/wp-content\/uploads\/2026\/02\/2pik-150x150.png 150w, https:\/\/puotilankartanonteatteri.fi\/wp-content\/uploads\/2026\/02\/2pik-768x768.png 768w, https:\/\/puotilankartanonteatteri.fi\/wp-content\/uploads\/2026\/02\/2pik-1536x1536.png 1536w, https:\/\/puotilankartanonteatteri.fi\/wp-content\/uploads\/2026\/02\/2pik.png 2000w\" sizes=\"auto, (max-width: 1024px) 100vw, 1024px\" \/><\/a><\/figure>\n\n\n\n<figure class=\"wp-block-image size-large is-style-default\"><a href=\"https:\/\/puotilankartanonteatteri.fi\/?page_id=171\"><img loading=\"lazy\" decoding=\"async\" width=\"1024\" height=\"1024\" data-id=\"175\" src=\"https:\/\/puotilankartanonteatteri.fi\/wp-content\/uploads\/2026\/02\/ld124-1024x1024.png\" alt=\"\" class=\"wp-image-175\" srcset=\"https:\/\/puotilankartanonteatteri.fi\/wp-content\/uploads\/2026\/02\/ld124-1024x1024.png 1024w, https:\/\/puotilankartanonteatteri.fi\/wp-content\/uploads\/2026\/02\/ld124-300x300.png 300w, https:\/\/puotilankartanonteatteri.fi\/wp-content\/uploads\/2026\/02\/ld124-150x150.png 150w, https:\/\/puotilankartanonteatteri.fi\/wp-content\/uploads\/2026\/02\/ld124-768x768.png 768w, https:\/\/puotilankartanonteatteri.fi\/wp-content\/uploads\/2026\/02\/ld124-1536x1536.png 1536w, https:\/\/puotilankartanonteatteri.fi\/wp-content\/uploads\/2026\/02\/ld124.png 2000w\" sizes=\"auto, (max-width: 1024px) 100vw, 1024px\" \/><\/a><\/figure>\n<\/figure>\n\n\n\n<div class=\"wp-block-columns alignwide is-layout-flex wp-container-core-columns-is-layout-28f84493 wp-block-columns-is-layout-flex\">\n<div class=\"wp-block-column is-layout-flow wp-block-column-is-layout-flow\" style=\"flex-basis:50%\">\n<div class=\"wp-block-group is-nowrap is-layout-flex wp-container-core-group-is-layout-6c531013 wp-block-group-is-layout-flex\">\n<p>Kaksi puuta on Otto Kanervan ja Osku Valveen kirjoittama hurmaava menestyskomedia, jonka sykkeen\u00e4 soivat Juha Tapion rakastetut hitit. N\u00e4ytelm\u00e4 on ilahduttanut yleis\u00f6\u00e4 ymp\u00e4ri Suomen \u2013 ja kes\u00e4ll\u00e4 2026 se n\u00e4hd\u00e4\u00e4n ensimm\u00e4ist\u00e4 kertaa Helsingiss\u00e4, Puotilan Kartanon Teatterissa.<\/p>\n<\/div>\n<\/div>\n\n\n\n<div class=\"wp-block-column is-layout-flow wp-block-column-is-layout-flow\" style=\"flex-basis:50%\">\n<p>LeijonaDuon maagien kes\u00e4show on Matias Husgafvelin ja Silanderin luoma uusi vauhdikas lastenmusiikkishow. Esityksess\u00e4 yhdistyy uusi livemusiikki, sirkus sek\u00e4 taikuus.<\/p>\n<\/div>\n<\/div>\n\n\n\n<div class=\"wp-block-group alignfull is-content-justification-center is-nowrap is-layout-flex wp-container-core-group-is-layout-23441af8 wp-block-group-is-layout-flex\">\n<p><strong><a href=\"https:\/\/puotilankartanonteatteri.fi\/?page_id=91\">Lis\u00e4tietoja<\/a><\/strong><\/p>\n\n\n\n<div style=\"height:100px;width:269px\" aria-hidden=\"true\" class=\"wp-block-spacer wp-container-content-09ebd803\"><\/div>\n\n\n\n<div style=\"height:100px;width:0px\" aria-hidden=\"true\" class=\"wp-block-spacer wp-container-content-6388d5dc\"><\/div>\n\n\n\n<div style=\"height:100px;width:73px\" aria-hidden=\"true\" class=\"wp-block-spacer wp-container-content-d6591b84\"><\/div>\n\n\n\n<p><strong><a href=\"https:\/\/puotilankartanonteatteri.fi\/?page_id=171\">Lis\u00e4tietoja<\/a> <\/strong> <\/p>\n<\/div>\n","protected":false},"excerpt":{"rendered":"<p>Kaksi puuta on Otto Kanervan ja Osku Valveen kirjoittama hurmaava menestyskomedia, jonka sykkeen\u00e4 soivat Juha Tapion rakastetut hitit. N\u00e4ytelm\u00e4 on ilahduttanut yleis\u00f6\u00e4 ymp\u00e4ri Suomen \u2013 ja kes\u00e4ll\u00e4 2026 se n\u00e4hd\u00e4\u00e4n ensimm\u00e4ist\u00e4 kertaa Helsingiss\u00e4, Puotilan Kartanon Teatterissa. LeijonaDuon maagien kes\u00e4show on Matias Husgafvelin ja Silanderin luoma uusi vauhdikas lastenmusiikkishow. Esityksess\u00e4 yhdistyy uusi livemusiikki, sirkus sek\u00e4 taikuus. [&hellip;]<\/p>\n","protected":false},"author":1,"featured_media":0,"parent":0,"menu_order":0,"comment_status":"closed","ping_status":"closed","template":"","meta":{"footnotes":""},"class_list":["post-173","page","type-page","status-publish","hentry"],"_links":{"self":[{"href":"https:\/\/puotilankartanonteatteri.fi\/index.php?rest_route=\/wp\/v2\/pages\/173","targetHints":{"allow":["GET"]}}],"collection":[{"href":"https:\/\/puotilankartanonteatteri.fi\/index.php?rest_route=\/wp\/v2\/pages"}],"about":[{"href":"https:\/\/puotilankartanonteatteri.fi\/index.php?rest_route=\/wp\/v2\/types\/page"}],"author":[{"embeddable":true,"href":"https:\/\/puotilankartanonteatteri.fi\/index.php?rest_route=\/wp\/v2\/users\/1"}],"replies":[{"embeddable":true,"href":"https:\/\/puotilankartanonteatteri.fi\/index.php?rest_route=%2Fwp%2Fv2%2Fcomments&post=173"}],"version-history":[{"count":14,"href":"https:\/\/puotilankartanonteatteri.fi\/index.php?rest_route=\/wp\/v2\/pages\/173\/revisions"}],"predecessor-version":[{"id":412,"href":"https:\/\/puotilankartanonteatteri.fi\/index.php?rest_route=\/wp\/v2\/pages\/173\/revisions\/412"}],"wp:attachment":[{"href":"https:\/\/puotilankartanonteatteri.fi\/index.php?rest_route=%2Fwp%2Fv2%2Fmedia&parent=173"}],"curies":[{"name":"wp","href":"https:\/\/api.w.org\/{rel}","templated":true}]}}