{"id":208,"date":"2026-03-02T16:08:37","date_gmt":"2026-03-02T16:08:37","guid":{"rendered":"https:\/\/puotilankartanonteatteri.fi\/?page_id=208"},"modified":"2026-03-09T17:41:31","modified_gmt":"2026-03-09T17:41:31","slug":"yhteistyokumppanit","status":"publish","type":"page","link":"https:\/\/puotilankartanonteatteri.fi\/?page_id=208","title":{"rendered":"Yhteisty\u00f6kumppanit"},"content":{"rendered":"\n<p>Tue teatteria liittym\u00e4ll\u00e4 yhteisty\u00f6kumppaniksi! <\/p>\n\n\n\n<p>Laita rohkeasti viesti\u00e4, niin ideoidaan yhdess\u00e4 upea yhteisty\u00f6.<\/p>\n\n\n\n<p>L\u00e4het\u00e4 meille s\u00e4hk\u00f6postia osoitteeseen info@puotilankartanonteatteri.fi <\/p>\n","protected":false},"excerpt":{"rendered":"<p>Tue teatteria liittym\u00e4ll\u00e4 yhteisty\u00f6kumppaniksi! Laita rohkeasti viesti\u00e4, niin ideoidaan yhdess\u00e4 upea yhteisty\u00f6. L\u00e4het\u00e4 meille s\u00e4hk\u00f6postia osoitteeseen info@puotilankartanonteatteri.fi<\/p>\n","protected":false},"author":1,"featured_media":0,"parent":0,"menu_order":0,"comment_status":"closed","ping_status":"closed","template":"","meta":{"footnotes":""},"class_list":["post-208","page","type-page","status-publish","hentry"],"_links":{"self":[{"href":"https:\/\/puotilankartanonteatteri.fi\/index.php?rest_route=\/wp\/v2\/pages\/208","targetHints":{"allow":["GET"]}}],"collection":[{"href":"https:\/\/puotilankartanonteatteri.fi\/index.php?rest_route=\/wp\/v2\/pages"}],"about":[{"href":"https:\/\/puotilankartanonteatteri.fi\/index.php?rest_route=\/wp\/v2\/types\/page"}],"author":[{"embeddable":true,"href":"https:\/\/puotilankartanonteatteri.fi\/index.php?rest_route=\/wp\/v2\/users\/1"}],"replies":[{"embeddable":true,"href":"https:\/\/puotilankartanonteatteri.fi\/index.php?rest_route=%2Fwp%2Fv2%2Fcomments&post=208"}],"version-history":[{"count":2,"href":"https:\/\/puotilankartanonteatteri.fi\/index.php?rest_route=\/wp\/v2\/pages\/208\/revisions"}],"predecessor-version":[{"id":342,"href":"https:\/\/puotilankartanonteatteri.fi\/index.php?rest_route=\/wp\/v2\/pages\/208\/revisions\/342"}],"wp:attachment":[{"href":"https:\/\/puotilankartanonteatteri.fi\/index.php?rest_route=%2Fwp%2Fv2%2Fmedia&parent=208"}],"curies":[{"name":"wp","href":"https:\/\/api.w.org\/{rel}","templated":true}]}}