{"id":91,"date":"2026-02-28T13:07:20","date_gmt":"2026-02-28T13:07:20","guid":{"rendered":"https:\/\/puotilankartanonteatteri.fi\/?page_id=91"},"modified":"2026-04-10T16:00:56","modified_gmt":"2026-04-10T16:00:56","slug":"91-2","status":"publish","type":"page","link":"https:\/\/puotilankartanonteatteri.fi\/?page_id=91","title":{"rendered":""},"content":{"rendered":"\n<figure class=\"wp-block-gallery alignfull has-nested-images columns-default is-cropped wp-block-gallery-1 is-layout-flex wp-block-gallery-is-layout-flex\">\n<figure class=\"wp-block-image size-full\"><img loading=\"lazy\" decoding=\"async\" width=\"2560\" height=\"1153\" data-id=\"151\" src=\"https:\/\/puotilankartanonteatteri.fi\/wp-content\/uploads\/2026\/02\/banner2p-2-scaled.png\" alt=\"\" class=\"wp-image-151\" srcset=\"https:\/\/puotilankartanonteatteri.fi\/wp-content\/uploads\/2026\/02\/banner2p-2-scaled.png 2560w, https:\/\/puotilankartanonteatteri.fi\/wp-content\/uploads\/2026\/02\/banner2p-2-300x135.png 300w, https:\/\/puotilankartanonteatteri.fi\/wp-content\/uploads\/2026\/02\/banner2p-2-1024x461.png 1024w, https:\/\/puotilankartanonteatteri.fi\/wp-content\/uploads\/2026\/02\/banner2p-2-768x346.png 768w, https:\/\/puotilankartanonteatteri.fi\/wp-content\/uploads\/2026\/02\/banner2p-2-1536x692.png 1536w, https:\/\/puotilankartanonteatteri.fi\/wp-content\/uploads\/2026\/02\/banner2p-2-2048x922.png 2048w\" sizes=\"auto, (max-width: 2560px) 100vw, 2560px\" \/><\/figure>\n<\/figure>\n\n\n\n<div class=\"wp-block-buttons is-content-justification-center is-layout-flex wp-container-core-buttons-is-layout-a89b3969 wp-block-buttons-is-layout-flex\">\n<div class=\"wp-block-button\"><a class=\"wp-block-button__link wp-element-button\" href=\"https:\/\/www.ticketmaster.fi\/search?q=kaksi+puuta-musiikkin%C3%A4ytelm%C3%A4\">Osta lippuja<\/a><\/div>\n<\/div>\n\n\n\n<div style=\"height:100px\" aria-hidden=\"true\" class=\"wp-block-spacer\"><\/div>\n\n\n\n<div class=\"wp-block-columns alignwide is-layout-flex wp-container-core-columns-is-layout-28f84493 wp-block-columns-is-layout-flex\">\n<div class=\"wp-block-column is-style-default is-layout-flow wp-block-column-is-layout-flow\">\n\n<p><strong>Kaksi Puuta<\/strong> on Otto Kanervan ja Osku Valveen kirjoittama hurmaava menestyskomedia, jonka sykkeen\u00e4 soivat Juha Tapion rakastetut hitit. N\u00e4ytelm\u00e4 on ilahduttanut yleis\u00f6\u00e4 ymp\u00e4ri Suomen \u2013 ja kes\u00e4ll\u00e4 2026 se n\u00e4hd\u00e4\u00e4n ensimm\u00e4ist\u00e4 kertaa Helsingiss\u00e4, Puotilan Kartanon Teatterissa.<\/p>\n\n\n<p>Harri on j\u00e4rkev\u00e4 ja k\u00e4yt\u00e4nn\u00f6llinen nuohooja, joka viihtyy tuttujen rutiinien turvassa. Kun naapuriin muuttaa Marianne \u2013 hetkess\u00e4 el\u00e4v\u00e4, boheemi taiteilija \u2013 Harrin tarkkaan rakennettu maailma heilahtaa. Kun vastakohdat kohtaavat, syntyy kipin\u00f6it\u00e4, v\u00e4\u00e4rink\u00e4sityksi\u00e4 ja toinen toistaan hulvattomampia tilanteita.<\/p>\n\n\n<p>Tilanteita ja tunteita selvittelem\u00e4\u00e4n joutuvat my\u00f6s Harrin omalaatuinen yst\u00e4v\u00e4 Ossi sek\u00e4 kiinteist\u00f6v\u00e4litt\u00e4j\u00e4 Mira, joka etsii rakkautta ja hyv\u00e4ksynt\u00e4\u00e4. Amorin nuolet lentelev\u00e4t, vaan mihin suuntaan? Ehk\u00e4 juuri silloin, kun kaikki menee sekaisin, syd\u00e4n l\u00f6yt\u00e4\u00e4 oikean rytmin.<\/p>\n\n\n<p>Kaksi Puuta on l\u00e4mmin, vauhdikas ja hyv\u00e4ntuulinen komedia, joka kutsuu kaikki mukaan viihtym\u00e4\u00e4n!<\/p>\n\n\n<p>_____________________<\/p>\n\n\n<p><strong>Ty\u00f6ryhm\u00e4:<\/strong><\/p>\n\n\n<p>K\u00e4sikirjoitus: Otto Kanerva ja Osku Valve<\/p>\n\n\n<p>Musiikki: Juha Tapio<\/p>\n\n\n<p>Ohjaus: Mikko Semi<\/p>\n\n\n<p>Koreografiat: Eryka Saksa<\/p>\n\n\n<p>N\u00e4ytt\u00e4m\u00f6ll\u00e4: Matias Husgafvel, Salla Tervonen, Kaarina Soini, Juha Lehtonen, Krista Markoff ja Tuukka Kauppinen<\/p>\n\n\n\n<div style=\"height:100px\" aria-hidden=\"true\" class=\"wp-block-spacer\"><\/div>\n\n<p>N\u00e4ytelm\u00e4n oikeuksia valvoo Iltama Oy<\/p>\n<p>_______<\/p>\n\n\n<p><strong>Selaa esitysp\u00e4ivi\u00e4<\/strong><\/p>\n\n\n<p class=\"has-small-font-size\">Huom. T\u00e4ss\u00e4 valikossa n\u00e4kyv\u00e4t kaikki teatterimme esitykset.<\/p>\n\n<script\n  src=\"https:\/\/www.universe.com\/embed2.js\"\n  data-widget-type=\"universe-listings\"\n  data-target-type=\"user\"\n  data-target-id=\"699de3483af9a9002442ddfb\"\n  data-state=\"buttonColor=#3A66E5&#038;buttonText=Hanki lippuja\" >\n<\/script>\n\n<p><\/p>\n\n<\/div>\n<\/div>\n\n\n\n<p><\/p>\n","protected":false},"excerpt":{"rendered":"<p>Kaksi Puuta on Otto Kanervan ja Osku Valveen kirjoittama hurmaava menestyskomedia, jonka sykkeen\u00e4 soivat Juha Tapion rakastetut hitit. N\u00e4ytelm\u00e4 on ilahduttanut yleis\u00f6\u00e4 ymp\u00e4ri Suomen \u2013 ja kes\u00e4ll\u00e4 2026 se n\u00e4hd\u00e4\u00e4n ensimm\u00e4ist\u00e4 kertaa Helsingiss\u00e4, Puotilan Kartanon Teatterissa. Harri on j\u00e4rkev\u00e4 ja k\u00e4yt\u00e4nn\u00f6llinen nuohooja, joka viihtyy tuttujen rutiinien turvassa. Kun naapuriin muuttaa Marianne \u2013 hetkess\u00e4 el\u00e4v\u00e4, boheemi [&hellip;]<\/p>\n","protected":false},"author":1,"featured_media":0,"parent":0,"menu_order":0,"comment_status":"closed","ping_status":"closed","template":"","meta":{"footnotes":""},"class_list":["post-91","page","type-page","status-publish","hentry"],"_links":{"self":[{"href":"https:\/\/puotilankartanonteatteri.fi\/index.php?rest_route=\/wp\/v2\/pages\/91","targetHints":{"allow":["GET"]}}],"collection":[{"href":"https:\/\/puotilankartanonteatteri.fi\/index.php?rest_route=\/wp\/v2\/pages"}],"about":[{"href":"https:\/\/puotilankartanonteatteri.fi\/index.php?rest_route=\/wp\/v2\/types\/page"}],"author":[{"embeddable":true,"href":"https:\/\/puotilankartanonteatteri.fi\/index.php?rest_route=\/wp\/v2\/users\/1"}],"replies":[{"embeddable":true,"href":"https:\/\/puotilankartanonteatteri.fi\/index.php?rest_route=%2Fwp%2Fv2%2Fcomments&post=91"}],"version-history":[{"count":13,"href":"https:\/\/puotilankartanonteatteri.fi\/index.php?rest_route=\/wp\/v2\/pages\/91\/revisions"}],"predecessor-version":[{"id":410,"href":"https:\/\/puotilankartanonteatteri.fi\/index.php?rest_route=\/wp\/v2\/pages\/91\/revisions\/410"}],"wp:attachment":[{"href":"https:\/\/puotilankartanonteatteri.fi\/index.php?rest_route=%2Fwp%2Fv2%2Fmedia&parent=91"}],"curies":[{"name":"wp","href":"https:\/\/api.w.org\/{rel}","templated":true}]}}